 List the prime factors of y(l).
13
Let f(t) = 2*t + 29. Let y be f(0). Suppose -v = -3*x - y, -4*v = x + 3*x + 44. What are the prime factors of x/(-1)*2 + 1?
3, 7
Suppose -12*d = -4*x - 7*d + 4796, 3590 = 3*x - 2*d. What are the prime factors of x?
2, 3, 199
Let b(x) = -47*x + 5. Let s(k) = 47*k - 6. Let l(y) = 7*b(y) + 6*s(y). What are the prime factors of l(-3)?
2, 5, 7
Suppose 0 = 2*n + 5*i - 1254, -4*n = 4*i - 2560 + 28. List the prime factors of n.
7, 13
What are the prime factors of 4837 + (-9 - 1) + -4?
7, 13, 53
Let f = 66 + -26. Let o = -2 + f. What are the prime factors of o?
2, 19
Suppose 0 = -44*n + 46*n - 56. Let x = -18 + n. List the prime factors of x.
2, 5
What are the prime factors of (-42482)/(-88) + (-14)/8?
13, 37
Suppose -2*g - 3 + 7 = 0. Suppose 5*j - 5*x + 5 = 0, -g*x = -5*j - 0*x + 7. Suppose -2*c + 0*c + j*n + 39 = 0, 3*c + 2*n = 78. List the prime factors of c.
2, 3
Suppose -4*s = -8*d + 3*d - 2437, -3*s - 3*d + 1848 = 0. List the prime factors of s.
613
Let y = 20 + -26. Let a(u) = u**3 + 4*u**2 - 6*u + 6. Let p be a(y). Let c = p - -54. What are the prime factors of c?
2, 3
Let z be (-12)/(-8) - 50/4. Let g be z/55 + (-3728)/10. What are the prime factors of 16/(-56) + g/(-7)?
53
Let p = -549 + 875. List the prime factors of p.
2, 163
Let i(c) = -2*c**3 + c**2 + 2*c - 1. Let z(j) = -2*j - 11. Let y be z(-7). Suppose 0 = 3*s + 3 + y. What are the prime factors of i(s)?
3, 5
Suppose 5*w + 4*y = 1088, -2*y = -w - 3*w + 886. List the prime factors of w.
2, 5, 11
Let b = 69 - 7. Let g = b + -5. List the prime factors of g.
3, 19
Let t = -75 - -77. Suppose 4*k + 4*d = 656, t*k - 4*d = -k + 506. List the prime factors of k.
2, 83
Suppose 18183 + 2297 = 8*n. List the prime factors of n.
2, 5
Suppose -4*t = -c - 6 - 11, 0 = 5*c + 3*t - 7. Let x = -3 - -5. List the prime factors of 29 - (c - -2)*x.
3
Let f(o) = 4 - o**2 - 5*o**2 - 4*o + 0 - o**3 + 1. Let q be f(-5). List the prime factors of 30 + (q - 2) + -2.
2, 13
Suppose 34*t - 30079 = 27*t. List the prime factors of t.
4297
Suppose -19*k = -8*k - 1859. List the prime factors of k.
13
Let l(n) = 481*n**3 - 3*n + 3. List the prime factors of l(1).
13, 37
List the prime factors of -6*29259/(-162) - 6/9.
3, 19
List the prime factors of (-1 + -3)*-1*(57 + -34).
2, 23
Suppose -2*z - 27 = 5. Let b = 34 - z. What are the prime factors of b?
2, 5
Suppose -101*s = -107*s - 204. Suppose -2*p - p = 5*o - 243, 3*o - 173 = 5*p. Let f = o + s. List the prime factors of f.
17
Let k(t) = t + 3. Let c be k(-7). Let m be (c/6)/((-2)/(-75)). Let l = 16 - m. What are the prime factors of l?
41
List the prime factors of 13/((-65)/(-2))*229*5.
2, 229
Let v(x) = x**2 - 7*x + 9. Suppose 3*k = 7*k - 5*r - 9, -2*r - 24 = -5*k. Let j be v(k). Suppose -i = -j*i + 12. What are the prime factors of i?
2, 3
Let n be (13 + -11)*(-8)/2. Let z be (-27)/12 - 2/n. List the prime factors of z + -2 + 3 + 11.
2, 5
List the prime factors of 70908/30 - 15/25.
17, 139
Let d(b) = -3*b + 10. Let f = 22 + -36. What are the prime factors of d(f)?
2, 13
Let s be 2 - 8 - (-3)/1. What are the prime factors of (356/8)/(s/(-6))?
89
Let x be ((-64)/6)/((-8)/12). Let n be (-3 + 7)*4/x. What are the prime factors of n*16*3/6?
2
Let u(m) = 3*m**3 + 8*m**2 + 2*m - 1. Let p(q) = q**2 - 1. Let w(l) = 4*p(l) - u(l). List the prime factors of w(-4).
7, 19
Let z(p) = p**2 + p - 32. Let q be z(-7). Let j(b) = b**3 - 4*b**2 + 4*b + 1. Let l be j(3). Let t = q - l. What are the prime factors of t?
2, 3
Suppose 3*j - 44 = -y, 2*y = -4*j - 6 + 64. Let v = 17 - j. Suppose 5*u - 60 = v*u. List the prime factors of u.
2, 5
Let o be ((-96)/(-14))/((-4)/(-42)). Suppose 0 = -p - 2*p - o. What are the prime factors of (-4)/(((-3)/p)/(-1))?
2
What are the prime factors of -2*(-1 - 1) + 1 + 2694?
2699
Let r(k) = 18*k + 49. List the prime factors of r(38).
733
Suppose 9 = 6*s + 3*s. Let t(c) = 54*c**2 - 2*c + 3. List the prime factors of t(s).
5, 11
List the prime factors of (1510/30)/((-1)/(-1 - 20)).
7, 151
Let w = -630 + 428. List the prime factors of (2/(-4))/(1/w).
101
Let m(t) = t + 1. Let d be m(-2). Let g(q) = q**2 + 7*q + 17. Let s be g(-4). Let r = s - d. What are the prime factors of r?
2, 3
Let n = -293 + 710. What are the prime factors of n?
3, 139
Let s = 1133 + -892. What are the prime factors of s?
241
Suppose -2*a - 284 + 4040 = 0. What are the prime factors of a?
2, 3, 313
Let d(x) = x**2 - 3*x - 3. Let r be d(4). Let g(a) = -4*a**2 + 7 + 12*a**3 - 2 + 2*a + 2*a**2 - 6. What are the prime factors of g(r)?
11
Let p be (0 + 52/4)/((-2)/(-88)). Suppose -12*u + 124 = -p. What are the prime factors of u?
2, 29
Let q = 7559 + -2774. List the prime factors of (q/12)/5 - (-3)/(-4).
79
Let n(z) = -3*z - 11. Let q be n(-5). Suppose 0 = -2*j - 2*d + 48, 3*j + 24 = q*j - 2*d. What are the prime factors of j?
2, 3
Let k(u) = -1598*u - 129. List the prime factors of k(-3).
3, 5, 311
Suppose 35299 = 17*d - 41490. List the prime factors of d.
4517
Let b(r) = -r**2 + 2*r - 1. Let j be b(3). Let f be 4 + (-3 - -3) - j. List the prime factors of (2/(-8))/(f/(-1504)).
47
Suppose -39*w + 32*w + 2184 = 0. What are the prime factors of w?
2, 3, 13
Suppose 18*a = 4*o + 16*a - 3878, -966 = -o + 4*a. List the prime factors of o.
2, 5, 97
Let g be -1 + (-3 - 2) - 3. Let s(a) = a**3 + 10*a**2 + 3*a - 16. List the prime factors of s(g).
2, 19
Let n be (-2)/6 + (-120)/(-9). Suppose r - 28 = -3*r. Let i = n - r. What are the prime factors of i?
2, 3
Let t(q) = q**3 + 3*q**2 + 5*q + 3. Let o be t(-3). Let g(p) = p**3 + 13*p**2 + 6*p + 3. What are the prime factors of g(o)?
3, 5
What are the prime factors of 26625/24 + (-81)/216?
1109
Let h be -1*8/4 - -14. Let r be 30/h - 6/(-4). Suppose -4*i + 21 + 7 = c, -r*c + 133 = -5*i. List the prime factors of c.
2
Let w be 2*(-3)/18*-15. Let t = w + -5. Suppose 5*u + 0*u - 30 = t. What are the prime factors of u?
2, 3
Let f(i) = -i**3 + 12*i**2 - 15*i - 8. Let a(q) = q**2 - q + 1. Let u(y) = a(y) - f(y). List the prime factors of u(10).
7
Let c be 14/56 + (-322)/8. Let f = -4 + 2. What are the prime factors of (56/c)/(f/10)?
7
Let s(p) = p**2 + 7*p + 2. Let l be s(-7). Suppose 2*k = -l*k. Suppose k*z + 116 = 4*z. What are the prime factors of z?
29
Suppose 0 = u - 2*k - 2229, -16*u + 11*u = 3*k - 11132. List the prime factors of u.
17, 131
Let g(h) be the third derivative of 6*h**2 + 0*h - 19/12*h**4 - 1/6*h**3 + 0. List the prime factors of g(-1).
37
Suppose 0 = 30*p - 26*p - 248. Suppose l - p = -i - 0*i, 0 = -5*l - 4*i + 309. What are the prime factors of l?
61
List the prime factors of 50/150 - 299/(-3).
2, 5
Suppose 0 = -2*j + 5*i + 1643, -1673 = -2*j - 5*i - 0*i. List the prime factors of j.
829
What are the prime factors of 1 + -11 + 3852 + -1?
23, 167
Let y be 6*(3 - (-28)/(-12)). Suppose y*k = 4*j - 3*j - 51, -j + 26 = k. List the prime factors of j.
31
Let f(h) = -1597*h - 230. What are the prime factors of f(-2)?
2, 3, 13, 19
Suppose -20 = 4*w, 5*v - 4*w + 2*w = 150. Let r = -15 + v. List the prime factors of r.
13
Let l(u) = -u**2 - 12*u - 15. Let v be l(-10). Suppose f + 3*x - 18 - 21 = 0, 4*x - 217 = -v*f. Let d = f - 24. What are the prime factors of d?
3, 7
Let c = -246 + 441. Suppose c = 7*i - 4*i. List the prime factors of i.
5, 13
Suppose -3*l = 5*m - 11835, -2*m - 5202 - 2704 = -2*l. What are the prime factors of l?
2, 5, 79
Suppose 2*k = -4*t + 4104 - 588, 2*k - 3515 = -5*t. List the prime factors of k.
2, 5, 11
Let d(r) be the second derivative of 0 + 0*r**2 + 10*r + 7/6*r**3. What are the prime factors of d(3)?
3, 7
Let u(p) = -2*p**2 + 7*p - 4. Let c be u(3). Let v be (168/18)/(c/3). List the prime factors of (-1)/(-1)*(3 - v).
31
Suppose 5*h = 18*h - 7410. List the prime factors of h.
2, 3, 5, 19
Let d = 5213 + -2073. List the prime factors of d.
2, 5, 157
Let i = 7597 - 4334. List the prime factors of i.
13, 251
Let a(z) = z + 21. Let y be a(-17). Suppose -q + 124 = v + 33, y*q - v - 369 = 0. List the prime factors of q.
2, 23
Suppose -16 = -u - 13. Suppose u*o + 67 = 229. List the prime factors of o.
2, 3
Let f = 25 - 24. Let l = f + 3. Let c = 6 + l. What are the prime factors of c?
2, 5
Suppose -3*h = 5*z - 241, 2*z = 2*h + 110 - 4. List the prime factors of z.
2, 5
Let c be (0 - 1 - 